6?
True
Does 8 divide 1991832416?
True
Is 66 a factor of 116537850?
True
Does 621 divide 240803045?
False
Is 50 a factor of 193559250?
True
Is 14808688 a multiple of 184?
True
Is 389624094 a multiple of 69?
True
Is 2105 a factor of 229131962?
False
Is 96 a factor of 27581856?
True
Is 27430650 a multiple of 25?
True
Is 926 a factor of 872534612?
True
Is 90790981 a multiple of 24?
False
Does 8 divide 18455670?
False
Does 24 divide 1973637?
False
Does 86 divide 3835114272?
True
Does 215 divide 2587740?
True
Does 156 divide 6017986884?
True
Is 9 a factor of 1504503648?
True
Is 206 a factor of 28425734?
True
Is 20149498 a multiple of 2222?
False
Is 23 a factor of 774416807?
False
Does 127 divide 140001432?
False
Does 378 divide 982598904?
True
Is 45224720 a multiple of 6?
False
Is 9490204 a multiple of 5?
False
Is 21 a factor of 88128937?
False
Is 15 a factor of 85518180?
True
Does 52 divide 20440680?
True
Is 23224578 a multiple of 16?
False
Is 1287782 a multiple of 13?
False
Does 24 divide 88590312?
True
Is 98 a factor of 437912457?
False
Does 41 divide 1120639226?
False
Is 3 a factor of 4336079?
False
Is 1932693520 a multiple of 311?
False
Is 11968424 a multiple of 4?
True
Does 266 divide 5297922?
True
Is 13227955 a multiple of 65?
True
Is 2271111 a multiple of 283?
False
Does 157 divide 230040953?
True
Is 180724012 a multiple of 199?
False
Does 32 divide 121487008?
True
Does 41 divide 174135610?
True
Is 79674368 a multiple of 116?
True
Is 164808427 a multiple of 226?
False
Is 1760185 a multiple of 8?
False
Is 72274235 a multiple of 16?
False
Is 10278975 a multiple of 105?
True
Does 15 divide 282469425?
True
Is 3 a factor of 53109909?
True
Is 3470779 a multiple of 12?
False
Is 29 a factor of 6515831?
False
Does 59 divide 69249008?
True
Does 1912 divide 4888087962?
False
Is 543847714 a multiple of 71?
False
Is 158 a factor of 26531202?
True
Is 147692314 a multiple of 107?
True
Is 378484260 a multiple of 33?
True
Does 939 divide 1214937357?
True
Is 216 a factor of 932042?
False
Does 13 divide 276405518?
False
Does 6 divide 20725620?
True
Does 5 divide 40957114?
False
Does 513 divide 178045884?
True
Is 151 a factor of 7862945?
False
Does 63 divide 496098733?
False
Is 302 a factor of 20046156?
True
Does 166 divide 6930666?
True
Is 126777150 a multiple of 405?
True
Is 29628826 a multiple of 2?
True
Is 6230408 a multiple of 4?
True
Is 98 a factor of 847483028?
True
Is 51602610 a multiple of 3023?
True
Does 17 divide 28943605?
True
Does 5197 divide 14452857?
True
Does 75 divide 7596433?
False
Is 349072638 a multiple of 141?
False
Is 205 a factor of 2905261?
False
Does 884 divide 2048840783?
False
Does 277 divide 71401765?
False
Does 2 divide 11687482?
True
Is 25 a factor of 213836530?
False
Is 31 a factor of 286272781?
False
Is 139 a factor of 250308847?
False
Is 31881937 a multiple of 10?
False
Does 16 divide 7381701?
False
Is 2457 a factor of 222943266?
True
Is 1682 a factor of 165581126?
True
Is 1479720206 a multiple of 8039?
False
Is 4412729206 a multiple of 6395?
False
Does 127 divide 7324502219?
False
Is 55805904 a multiple of 924?
True
Does 22 divide 1093624312?
True
Is 1575184 a multiple of 8?
True
Does 1104 divide 469807477?
False
Is 5221223758 a multiple of 8618?
False
Is 3214 a factor of 41994628?
False
Is 33067947 a multiple of 11?
True
Is 2632338512 a multiple of 332?
False
Does 13 divide 29696993?
False
Is 34430084 a multiple of 13?
True
Is 1426 a factor of 1274504612?
True
Does 2828 divide 434516544?
True
Is 67252673 a multiple of 59?
False
Is 214287344 a multiple of 1432?
True
Is 318 a factor of 155796150?
True
Does 26 divide 4858823?
False
Does 14302 divide 2481826060?
True
Is 106 a factor of 96865829?
False
Is 20781867 a multiple of 23?
False
Is 181 a factor of 380140420?
False
Does 1461 divide 36592193?
False
Is 66575832 a multiple of 718?
True
Is 18522807 a multiple of 2806?
False
Is 4336878 a multiple of 12?
False
Does 98 divide 1349464606?
True
Does 2137 divide 300703681?
True
Is 3 a factor of 9201858?
True
Does 15 divide 75177030?
True
Is 32614475 even?
False
Is 32 a factor of 964967367?
False
Is 15 a factor of 114510753?
False
Does 44 divide 49898508?
True
Is 275608984 a multiple of 56?
True
Does 14 divide 51043608?
True
Is 50 a factor of 321699568?
False
Does 9 divide 575058834?
True
Is 26862679 a multiple of 826?
False
Is 588626460 a multiple of 60?
True
Does 23 divide 2006967495?
False
Is 7311107 a multiple of 137?
False
Is 6965010 a multiple of 71?
False
Is 4480 a factor of 1365831274?
False
Is 52422370 a multiple of 210?
False
Does 222 divide 13129557?
False
Is 521213384 a multiple of 3208?
True
Is 71699890 a multiple of 58?
True
Does 15 divide 5053635?
True
Is 21821240 a multiple of 7?
True
Is 23103459 a multiple of 127?
True
Does 2889 divide 94389477?
False
Is 8268 a factor of 702350064?
True
Does 222 divide 68019881?
False
Is 11 a factor of 143028361?
False
Does 84 divide 245487048?
False
Is 16543554 a multiple of 19?
False
Does 12 divide 25271314?
False
Does 1154 divide 116092589?
False
Does 8 divide 3453960?
True
Is 110657503 a multiple of 29?
False
Is 8490348 a multiple of 83?
False
Is 160 a factor of 262927318?
False
Is 700 a factor of 49212769?
False
Does 318 divide 287299644?
True
Is 74 a factor of 4710173926?
True
Is 269 a factor of 159405887?
False
Does 529 divide 24267950?
False
Is 18887265 a multiple of 87?
True
Does 22 divide 45479302?
True
Does 72 divide 120794915?
False
Is 2222 a factor of 16016027?
False
Is 374 a factor of 2124932200?
False
Is 30 a factor of 2018698295?
False
Does 6 divide 5543653?
False
Does 1907 divide 12614805?
True
Does 409 divide 50572941?
False
Does 97 divide 5767175?
False
Does 360 divide 512896568?
False
Does 34 divide 48569714?
True
Does 1531 divide 118306494?
True
Does 291 divide 934385868?
True
Is 91 a factor of 648096813?
True
Is 3 a factor of 1901117?
False
Does 182 divide 1614501257?
False
Is 128 a factor of 347933462?
False
Is 22531287 a multiple of 26?
False
Is 144809388 a multiple of 742?
False
Is 96083430 a multiple of 5163?
True
Does 1706 divide 152806188?
False
Does 386 divide 2111760?
False
Does 944 divide 52259443?
False
Is 603723703 a multiple of 4?
False
Is 27373422 a multiple of 2949?
False
Is 3028600 a multiple of 338?
False
Is 29889434 a multiple of 827?
True
Is 53859642 a multiple of 37?
True
Is 385516892 a multiple of 3473?
True
Does 21 divide 2136372?
True
Is 5 a factor of 75001652?
False
Is 132236148 a multiple of 4?
True
Does 9 divide 82457424?
True
Is 11 a factor of 2402064552?
False
Does 615 divide 618542400?
True
Is 82510250 a multiple of 44?
False
Does 22 divide 535503201?
False
Is 22 a factor of 32961266?
False
Is 13 a factor of 58407030?
False
Does 7 divide 40413325?
False
Does 657 divide 17533404?
False
Is 444512376 a multiple of 296?
True
Is 59 a factor of 141837062?
True
Is 2386 a factor of 99705591?
False
Is 572914020 a multiple of 728?
False
Does 18 divide 144088848?
True
Is 71 a factor of 145948524?
False
Is 155 a factor of 159790740?
True
Does 20 divide 112201225?
False
Is 13 a factor of 451625161?
True
Is 68333958 a multiple of 33?
True
Is 23922396 a multiple of 842?
False
Does 82 divide 22847824?
True
Is 13 a factor of 50663210?
True
Is 2305287040 a multiple of 140?
True
Is 40035905 a multiple of 986?
False
Is 9605677 a multiple of 521?
True
Is 124871147 a multiple of 531?
False
Is 9281026 a multiple of 187?
False
Does 81 divide 32976963?
True
Does 108 divide 990294012?
True
Does 16 divide 144165797?
False
Does 1804 divide 665082484?
True
Is 1333148 a multiple of 4?
True
Does 366 divide 135465384?
True
Does 916 divide 316318451?
False
Is 7574423 a multiple of 81?
False
Is 7153338 a multiple of 10?
False
Is 12 a factor of 33463638?
False
Is 761071151 a multiple of 10?
False
Is 168426684 a multiple of 34?
True
Is 19 a factor of 1066939927?
True
Is 55019258 a multiple of 3?
False
Is 31 a factor of 1851474919?
False
Is 24 a factor of 3671184?
True
Does 2170 divide 133891170?
True
Is 1838 a factor of 128165578?
True
Is 39 a factor of 9291789?
True
Is 1773 a factor of 142770825?
True
Does 130 divide 11605620?
True
Is 33 a factor of 13641228?
False
Does 8310 divide 126478200?
True
Is 839117970 a multiple of 1035?
True
Is 12 a factor of 28118208?
T